{"id":55,"date":"2023-06-11T10:49:04","date_gmt":"2023-06-11T08:49:04","guid":{"rendered":"https:\/\/dieweissenwp.ecommun.de\/?page_id=55"},"modified":"2024-04-18T10:06:45","modified_gmt":"2024-04-18T08:06:45","slug":"ueber-uns","status":"publish","type":"page","link":"https:\/\/www.dieweissen.de\/?page_id=55","title":{"rendered":"\u00dcBER UNS"},"content":{"rendered":"\t\t<div data-elementor-type=\"wp-page\" data-elementor-id=\"55\" class=\"elementor elementor-55\" data-elementor-post-type=\"page\">\n\t\t\t\t\t\t<section class=\"elementor-section elementor-top-section elementor-element elementor-element-bfdc5f9 elementor-section-boxed elementor-section-height-default elementor-section-height-default\" data-id=\"bfdc5f9\" data-element_type=\"section\">\n\t\t\t\t\t\t<div class=\"elementor-container elementor-column-gap-default\">\n\t\t\t\t\t<div class=\"elementor-column elementor-col-100 elementor-top-column elementor-element elementor-element-78a3db9\" data-id=\"78a3db9\" data-element_type=\"column\">\n\t\t\t<div class=\"elementor-widget-wrap elementor-element-populated\">\n\t\t\t\t\t\t<div class=\"elementor-element elementor-element-749f61d elementor-widget elementor-widget-text-editor\" data-id=\"749f61d\" data-element_type=\"widget\" data-widget_type=\"text-editor.default\">\n\t\t\t\t<div class=\"elementor-widget-container\">\n\t\t\t<style>\/*! elementor - v3.23.0 - 15-07-2024 *\/\n.elementor-widget-text-editor.elementor-drop-cap-view-stacked .elementor-drop-cap{background-color:#69727d;color:#fff}.elementor-widget-text-editor.elementor-drop-cap-view-framed .elementor-drop-cap{color:#69727d;border:3px solid;background-color:transparent}.elementor-widget-text-editor:not(.elementor-drop-cap-view-default) .elementor-drop-cap{margin-top:8px}.elementor-widget-text-editor:not(.elementor-drop-cap-view-default) .elementor-drop-cap-letter{width:1em;height:1em}.elementor-widget-text-editor .elementor-drop-cap{float:left;text-align:center;line-height:1;font-size:50px}.elementor-widget-text-editor .elementor-drop-cap-letter{display:inline-block}<\/style>\t\t\t\t<p><img decoding=\"async\" class=\"img-fluid\" src=\"https:\/\/www.dieweissen.de\/media\/filer_public_thumbnails\/filer_public\/80\/83\/8083e309-4a90-480f-8c3b-9bf2a725252a\/bullet.jpg__50x43_q85_subsampling-2.jpg\" alt=\"\" \/>\u00a0<strong>WIR selbst sind die L\u00f6sung \u2013 WIR alle gemeinsam als Gesellschaft!!!<\/strong><br \/>Auch wenn die momentanen Zeiten von Unruhen, Ungewissheiten und \u00c4ngsten gepr\u00e4gt sind und ein Gro\u00dfteil der Menschen,<br \/>gerade auch viele Jugendliche, in unserer Gesellschaft nicht gerade hoffnungsvoll und zuversichtlich in die Zukunft blicken, so glauben wir von \u201edie WEISSEN\u201c dennoch fest daran, dass wir unserer Zukunft und unserem Schicksal nicht hilflos ausgeliefert sind. Wir k\u00f6nnen dieses Schicksal und die Zukunft unserer Kinder durch einen engen gesellschaftlichen Zusammenhalt ma\u00dfgeblich beeinflussen und mitgestalten. Den K\u00f6nigsweg hierzu haben wir sicherlich nicht, aber wir sind davon \u00fcberzeugt, dass wir dies schaffen k\u00f6nnen, wenn wir uns gemeinsam auf diesen Weg machen und diesen als Gemeinschaft gestalten.<\/p><p><img decoding=\"async\" class=\"img-fluid\" src=\"https:\/\/www.dieweissen.de\/media\/filer_public_thumbnails\/filer_public\/80\/83\/8083e309-4a90-480f-8c3b-9bf2a725252a\/bullet.jpg__50x43_q85_subsampling-2.jpg\" alt=\"\" \/>\u00a0<strong>WIR treten der Spaltung der Gesellschaft aktiv entgegen!!!<\/strong><br \/>Wir von \u201edie WEISSEN\u201c sind der festen \u00dcberzeugung, dass viele Probleme der Gegenwart damit einhergehen, dass unsere Gesellschaft durch politische und mediale Rhetorik polarisiert und gespalten wird. Ein anerzogenes schwarz-wei\u00df-Denken, sowie die Abl\u00f6sung eines vernunftgeleiteten Handelns durch Ideologien, l\u00e4sst den gesellschaftlichen Zusammenhalt zunehmend schwinden. Dieser ist jedoch zwingend notwendig, um geschlossen und stark, gemeinsam f\u00fcr den Wohlstand und das Gemeinwohl unseres Landes einzustehen<\/p><p><img decoding=\"async\" class=\"img-fluid\" src=\"https:\/\/www.dieweissen.de\/media\/filer_public_thumbnails\/filer_public\/80\/83\/8083e309-4a90-480f-8c3b-9bf2a725252a\/bullet.jpg__50x43_q85_subsampling-2.jpg\" alt=\"\" \/>\u00a0<strong>Demokratie passiert nicht aus Versehen \u2013 WIR alle gemeinsam m\u00fcssen sie leben!!!<\/strong><br \/>Wir von \u201edie WEISSEN\u201c werden uns deshalb mit allen friedlichen und demokratischen Mitteln daf\u00fcr einsetzen, diesen gesellschaftlichen Zusammenhalt in unserem wundervollen Land wieder neu zu beleben. Dadurch k\u00f6nnen wir auch zu einer Keimzelle f\u00fcr ein starkes und zukunftssicheres Europa werden.<\/p><p>Wir von \u201edie WEISSEN\u201c glauben daran, dass Menschlichkeit, N\u00e4chstenliebe und Achtsamkeit sowie ein gewisses Ma\u00df an gesellschaftlichem und wirtschaftlichem Verantwortungsbewusstsein zwingend notwendig sind, wenn wir in einer starken Demokratie leben wollen, die autokratischen Str\u00f6mungen widerstandsf\u00e4hig gegen\u00fcbertreten kann.<\/p><p>Deshalb m\u00f6chten wir von \u201edie WEISSEN\u201c zun\u00e4chst alle Menschen, ob sie nun Teil eines Unternehmens sind oder sich als Individuen in diesem Ver\u00e4nderungsprozess engagieren wollen, miteinander vernetzen, um so den Ausgangspunkt f\u00fcr diese \u201egesellschaftliche und wirtschaftliche Wiedergeburt\u201c zu schaffen.<\/p><p>Wir von \u201edie WEISSEN\u201c haben es uns zum Ziel gesetzt, einen starken und gut vernetzten Gegenpol zur etablierten Politik zu bilden, um dadurch dem Volk die ihm eigentlich zustehende Macht zu geben, um das politische Machtmonopol, welches leider zunehmend von falschen und unaufrichtigen Politikern missbraucht wird, zu relativieren.<\/p><p><strong>Wirken auch Sie an diesem Prozess aktiv mit!!!<br \/>WIR sind uns sicher, dass wir damit gemeinsam Erfolg haben werden!!!<\/strong><\/p><p><strong>Spendenkonto:<\/strong><br \/>Kontoinhaber: die WEISSEN e.V., Sparkasse Rhein Haardt, IBAN: DE61 5465 1240 0005 9537 57, BIC: MALADE51DKH<\/p><p><a href=\"https:\/\/dieweissenwp.ecommun.de\/?page_id=57\"><img decoding=\"async\" class=\"aligncenter wp-image-282 size-medium\" src=\"https:\/\/dieweissenwp.ecommun.de\/wp-content\/uploads\/2023\/10\/button_-_mitgliedsantrag_bunt.png__400x247_q85_subsampling-2_upscale-300x67.png\" alt=\"\" width=\"300\" height=\"67\" srcset=\"https:\/\/www.dieweissen.de\/wp-content\/uploads\/2023\/10\/button_-_mitgliedsantrag_bunt.png__400x247_q85_subsampling-2_upscale-300x67.png 300w, https:\/\/www.dieweissen.de\/wp-content\/uploads\/2023\/10\/button_-_mitgliedsantrag_bunt.png__400x247_q85_subsampling-2_upscale.png 400w\" sizes=\"(max-width: 300px) 100vw, 300px\" \/><\/a><\/p>\t\t\t\t\t\t<\/div>\n\t\t\t\t<\/div>\n\t\t\t\t\t<\/div>\n\t\t<\/div>\n\t\t\t\t\t<\/div>\n\t\t<\/section>\n\t\t\t\t<\/div>\n\t\t","protected":false},"excerpt":{"rendered":"<p>\u00a0WIR selbst sind die L\u00f6sung \u2013 WIR alle gemeinsam als Gesellschaft!!!Auch wenn die momentanen Zeiten von Unruhen, Ungewissheiten und \u00c4ngsten gepr\u00e4gt sind und ein Gro\u00dfteil der Menschen,gerade auch viele Jugendliche, in unserer Gesellschaft nicht gerade hoffnungsvoll und zuversichtlich in die Zukunft blicken, so glauben wir von \u201edie WEISSEN\u201c dennoch fest daran, dass wir unserer Zukunft [&hellip;]<\/p>\n","protected":false},"author":2,"featured_media":0,"parent":0,"menu_order":0,"comment_status":"closed","ping_status":"closed","template":"","meta":{"footnotes":""},"class_list":["post-55","page","type-page","status-publish","hentry"],"_links":{"self":[{"href":"https:\/\/www.dieweissen.de\/index.php?rest_route=\/wp\/v2\/pages\/55"}],"collection":[{"href":"https:\/\/www.dieweissen.de\/index.php?rest_route=\/wp\/v2\/pages"}],"about":[{"href":"https:\/\/www.dieweissen.de\/index.php?rest_route=\/wp\/v2\/types\/page"}],"author":[{"embeddable":true,"href":"https:\/\/www.dieweissen.de\/index.php?rest_route=\/wp\/v2\/users\/2"}],"replies":[{"embeddable":true,"href":"https:\/\/www.dieweissen.de\/index.php?rest_route=%2Fwp%2Fv2%2Fcomments&post=55"}],"version-history":[{"count":16,"href":"https:\/\/www.dieweissen.de\/index.php?rest_route=\/wp\/v2\/pages\/55\/revisions"}],"predecessor-version":[{"id":393,"href":"https:\/\/www.dieweissen.de\/index.php?rest_route=\/wp\/v2\/pages\/55\/revisions\/393"}],"wp:attachment":[{"href":"https:\/\/www.dieweissen.de\/index.php?rest_route=%2Fwp%2Fv2%2Fmedia&parent=55"}],"curies":[{"name":"wp","href":"https:\/\/api.w.org\/{rel}","templated":true}]}}